lse
Suppose 2917 = -12*m - 12599. Let y = 2978 + m. Is y a prime number?
False
Suppose 0 = -36*n - 58976 + 381952 + 469708. Is n composite?
True
Let o(q) = 895*q**2 + 2*q - 8. Let x be o(-6). Suppose 133*a - x = 137*a. Let t = a - -11447. Is t prime?
False
Let g(k) = 13*k - 32*k + 118 + 2*k**2 - 10*k. Is g(-31) a prime number?
True
Suppose 0 = -22*h + 1079235 - 259889. Is h composite?
False
Suppose -9*v - 218 = -56. Let q be 2943/v*(-28)/(-3). Let i = -649 - q. Is i prime?
True
Let x(t) = t**3 + 7*t**2 + 8*t + 13. Let i be x(-6). Suppose 0 = -u + 3 + i. Suppose 4*f = -u*j + 744, 4*j - 816 = -5*f + 109. Is f composite?
False
Let m = 11200 + 2598. Is m a prime number?
False
Let y = 145 + -139. Suppose -7986 = -2*x + 4*z, 3*z = 6*z + y. Is x composite?
False
Suppose -2*y - 5*r + 4*r = 5673, -4*r + 12 = 0. Let c = y + 4195. Is c a composite number?
True
Suppose 0 = 5*m - 15, 0 = k + 2*m + 2*m + 30. Let f be ((-68)/6)/(4/42). Let h = k - f. Is h composite?
True
Let t be 2*1 - (-6 + 2). Let s(i) = -11*i**2 + 72*i + 1. Let h(l) = -11*l**2 + 52*l. Let w(g) = -4*h(g) + 3*s(g). Is w(t) a prime number?
False
Suppose 2*y - 102 = -90. Suppose w = -3*j + j + 8383, -3*j + 12579 = 3*w. Suppose y*i = j - 1064. Is i prime?
True
Suppose -2*v + 612 = -4*h + 138, 0 = -4*v - 4. Let t = h - -121. Suppose 20 = -5*w, -3*k + 2*w + 2499 = -t*k. Is k composite?
True
Let z be (-2)/12 + 2250/540. Let a(i) = -13*i + 1. Let y be a(1). Is (z/y)/((-4)/3180) prime?
False
Let u = 339702 + 11107. Is u a composite number?
False
Let x(q) = 39*q**2 + q - 1. Let y be x(1). Suppose -3*s = f - 5*f - 136, -124 = -3*s + f. Suppose y = i - s. Is i a composite number?
False
Let h = -1507 + 1487. Suppose -5*m - 5656 = -2*w + 1904, 0 = -2*w - 3*m + 7592. Is (1 - 11)*w/h prime?
False
Let h = 3393 + -458. Suppose 2*n + 3*t = h, -2*n + 4*t = -6*n + 5868. Is n prime?
False
Let a be 516/26 + (9 - (-805)/(-91)). Let n = 1261 - 519. Is n/1*a/40 a composite number?
True
Let m(j) = -25*j + 29. Let l be m(1). Suppose 3*i - 12*g + 16*g - 63811 = 0, 5*i = -l*g + 106349. Is i prime?
True
Let h(i) = -66 + 32*i**2 + 9*i**3 - 10*i**3 + 0*i**3 - 38*i. Is h(29) a prime number?
False
Suppose 0 = -a - 5, -2*t = -a + 12 - 23. Suppose 0*z - 2*h + 2231 = t*z, -2230 = -3*z - h. Is z a prime number?
True
Let o = -341 - -349. Let u = 530 + 530. Suppose -o*j + 12156 = u. Is j a composite number?
True
Let q(d) = 4674*d**2 - 15*d. Let l(h) = -3116*h**2 + 10*h. Suppose 1 + 13 = 2*v. Let a(p) = v*l(p) + 5*q(p). Is a(-1) composite?
True
Suppose 2*g - 964 = 1896. Let u = g + -408. Suppose 3*j + u = 2*m, -4*j + 2062 = 4*m - j. Is m a composite number?
True
Let z = 32 - 30. Let i(m) = 29*m**2 - m + 2 - z*m + m + 4*m. Is i(3) a prime number?
True
Let c = -66 + 70. Suppose -2*d = -d + 1, 0 = c*x + 2*d + 2282. Let r = 865 + x. Is r prime?
False
Suppose 6031 - 1011 = 4*s. Suppose -5*z = d - 1 + 2, 4*z - 5 = 5*d. Suppose z = -18*m + 17*m + s. Is m a composite number?
True
Let a = 328 + -326. Suppose -5*l = a*l - 46081. Is l a prime number?
False
Let m = -433263 + 624830. Is m a prime number?
False
Let o(x) = x**2 - 10*x - 7. Let a be o(-2). Suppose -3*k = a*k - 220060. Is k a prime number?
True
Let l be (-776)/(24/6)*-10. Let j = l + -1143. Is j prime?
True
Suppose 4*u - 2*v - 28 = v, 4*u = 4*v + 28. Is (2 - (u + (4 - 5))) + 1115 a prime number?
False
Let f be (-1 - 8/(-6))*(-636)/(-106). Is 28/f*3/6*751 a composite number?
True
Suppose 1362 = 94*b - 88*b. Suppose b = 2*j - 1935. Is j a prime number?
False
Let t = -173 + 197. Is ((-26994)/t)/11*(2 + -6) a composite number?
False
Suppose 5*g - 126*y = -122*y + 166710, 3*g = 5*y + 100013. Is g prime?
False
Suppose 0 = r + 4*l - 194635, 8*r - 3*r = 4*l + 973247. Is r prime?
True
Suppose 29*z - 3176588 = -327*z. Is z a prime number?
True
Let p(w) = 7*w - 2*w - 7 - 111*w**2 - 2*w. Let t be p(-6). Let l = 5706 + t. Is l a composite number?
True
Is (27453*(-5)/300*-10)/((-3)/(-30)) a composite number?
True
Let n(j) = j**2 - 8*j - 18. Suppose -4*m - 5*d = -60, -2*m - 3*d + 2 = -3*m. Let l be n(m). Suppose -6*u + 2140 = -l*u. Is u a composite number?
True
Suppose -4*z - 113 = -17. Let t be (16/z)/(2/(-6)) - -32. Let s = t + 75. Is s a prime number?
True
Is ((0 + 1)*(-2 - -3))/((-17)/(-867697)) a composite number?
True
Is (-2601)/(-1445) + 89756/5 composite?
True
Suppose 1557435 = 3*f - 3*m + 423567, 0 = -2*f + 4*m + 755898. Is f composite?
False
Let w = 341053 + 209058. Is w prime?
True
Let z be (-1)/1 + -3 + 12. Suppose -2*j = -g + 19, -2*g - z - 2 = 2*j. Let v(n) = -n**3 - 7*n**2 - 5*n + 17. Is v(j) prime?
False
Suppose -2*s + 56 = 5*p - 3*s, 3*p - 5*s - 16 = 0. Suppose -p*k - 44 = -16*k. Is 1*-1*(-10901)/k prime?
True
Let x = 3 + -2. Let l be 1/(732/(-733) + x). Let d = l - 514. Is d a prime number?
False
Let w be -12576 - (-1 + 6 + -9). Let n = w + 18637. Is n composite?
True
Let a be (-3)/((-6)/(-50766)*(0 - -1)). Let b = -2290 - a. Is b a prime number?
False
Let t(u) = 677*u + 43. Let k be t(8). Let g = -2896 + k. Is g a prime number?
False
Let x(m) = 206*m**2 + 22*m + 349. Is x(-14) composite?
True
Is 33/((-231)/(-1208312)) + 3 a prime number?
True
Let x(v) = -v + 4*v**2 + v**3 - 13*v**2 + 15 - 3*v**2 + 0*v. Let c be x(12). Suppose 0 = c*n - 157 + 10. Is n prime?
False
Let j be 2/((-4)/(2 + -1582)). Let n be ((-13)/(52/22))/(1/(-6)). Suppose 31*w - n*w + j = 0. Is w a prime number?
False
Let g(l) = 1047*l**3 - 6*l**2 + 516*l - 2057. Is g(4) prime?
True
Let p = 2244 - 3406. Suppose 19*u - 3*u - 32176 = 0. Let z = u + p. Is z a prime number?
False
Suppose -j + 2*w + 36349 = 0, 3*w + 61922 + 83494 = 4*j. Is j a prime number?
False
Let q = -291186 - -416227. Is q prime?
False
Let a(p) = 9*p**2 + 3*p + 11. Suppose h - 31 + 84 = 0. Let b = -64 - h. Is a(b) prime?
False
Suppose -2*g + 3*c + 1 = 0, g + 3*c + 3 = -1. Let d be g*2*2 + (-15 - -17). Is ((1 - 2) + d/1)*-23 composite?
True
Suppose -r + 343863 = 4*m + 39546, r - 1 = 0. Is m a composite number?
False
Let d(o) = 4531*o - 105. Is d(10) composite?
True
Suppose -138 + 1074 = -3*n. Is (-13550)/(-26) - (-48)/n composite?
False
Let l = -25 + 75. Suppose -8*k = -6*k - l. Is -4 + 22485/k + (-4)/10 prime?
False
Suppose -u + 51 - 49 = 0. Let d be 192 + 0*(0 + 1). Suppose -d = u*r - 814. Is r a composite number?
False
Suppose 5*r = 3*k - 78, 0 = k - 10*r + 7*r - 30. Is (-10409)/k*(-45)/3 a prime number?
False
Let d(w) = -w**2 - 14*w - 26. Let f be d(-7). Let h(c) = 2*c - 46. Let x be h(f). Suppose -5*y + 14*y - 3501 = x. Is y prime?
True
Let s = 4617 - -6958. Let p = s + -7436. Is p prime?
True
Let f(c) = 11*c**2 - 7*c - 17. Suppose -3*d = 4*u - 5*d + 4, -u + 4*d = 15. Let x be 150/15 - (u + 1). Is f(x) prime?
True
Let a(z) = 311*z**2 + 81*z - 779. Is a(12) composite?
True
Let k be -4*2/(-60) - 1174/30. Let n be -2*(1 - k/(-6)). Suppose 7*b + 1948 = n*b. Is b a composite number?
False
Let d be (-14)/3 + (-48)/(-72). Is (-5)/(-30)*d*(-474102)/12 prime?
True
Is (-21990)/(-4) - 2/4 a composite number?
True
Suppose 0 = 3*s - 2*i - 486111, 0 = -24*i + 22*i. Is s composite?
True
Let v = -104 - -106. Suppose 0*i = -h - 2*i - 4, 4*h - 5*i = 23. Suppose -h*r - v*r + 1508 = 0. Is r composite?
True
Let x = -377536 + 671639. Is x a composite number?
False
Suppose 38*h + 10*h - 9774768 = 0. Is h a prime number?
True
Suppose 55*h + r - 295008 = 51*h, -3*r + 221247 = 3*h. Is h composite?
True
Suppose -9*i + 14 = -4. Let h(a) = 3*a - a - a**i + 4 + 21*a**2 + 7. Is h(5) prime?
True
Suppose 3*a - 2*l = 8*a + 1888, -4*a = 4*l + 1508. Let w = -221 - a. Is w composite?
False
Suppose 6 = -p + 9. Suppose 2*g = 5*g + p*u - 10335, -g - 5*u = -3437. Suppose -2*l + 687 = b, -4*l = 5*b - 0*l - g. Is b prime?
True
Let u be (-1 - 0)*(-1116)/12. Let h = u + -39. Let z = h - 11. Is z a composite number?
False
Suppose 2*s + 2*w + 40518 = 4*s, -s = -3*w - 20255. Suppose -s = -2*u + r, -2*r + 10120 = u + r. Is u prime?
False
Suppose 0 = -v - 3*v + 5*b + 7, 2*v + 4*b + 16 = 0. Let u(i) = -765*i**3 + 6*i**2 + 8*i + 3. Is u(v) a composite number?
False
Suppose -18 = -2*m - 4*m. Suppose 4*h - 2*d - 6 = 0, m = -2*h + 2*d + 5. Suppose -h*s + 185 = -5*g, 413 = 2*s + 3*s + 4*g. Is s composite?
True
Suppose 8*l = 479 - 39. Suppose -52*i - 14349 = -l*i. Is i a prime number?
True
Sup